se 0 = 2*j + 116 - 314. Suppose 0 = 13*u - 2*u - j. What is the greatest common factor of 72 and u?
9
Suppose -3*m + 45 = -0*m. Let h be 5*789/60*(-32)/4. Let p = h - -546. What is the highest common factor of m and p?
5
Let b(g) = 3*g - 23 - 26 - 28 + 80. Let u be b(6). Suppose -2*q + 5 = -u. What is the highest common factor of q and 39?
13
Let z be -4 - (3 - 2)*(3 - -20). Let l(x) = x**2 + 21*x - 64. Let d be l(z). Calculate the greatest common factor of 42 and d.
14
Let q(w) = -91*w + 10. Let m be q(1). Let g = 55 - m. Calculate the highest common divisor of 34 and g.
34
Let m be ((-104)/(-65))/(-3 + (-51)/(-15)). Let s be 0/4 + 3 + -1. Suppose -l + 47 = m*j + 2*l, -l - 31 = -s*j. What is the highest common factor of 56 and j?
14
Suppose 7*g = -119 + 77. Let z(a) = a**2 + 2*a + 48. Let s be z(g). Calculate the highest common factor of s and 18.
18
Suppose 5*s = -5*f - 640, -6*f - 392 = -3*f - 5*s. Let w = -84 - f. What is the greatest common divisor of 35 and w?
5
Let w(n) = 191*n + 1299. Let v be w(-6). Let h = 6 - -3. What is the greatest common divisor of h and v?
9
Let a be -1 - (-4 + -1) - 40/4. Let j be (-6312)/(-48) + a/4. What is the greatest common factor of j and 52?
26
Suppose 315*u - 266275 = 241505. Calculate the highest common divisor of u and 260.
52
Let a = -27 - -36. Suppose 20 + 8 = 7*x. Suppose -a = -3*m, m - 183 = -x*t - 4*m. What is the highest common factor of t and 63?
21
Suppose -267*z + 43056 = -243*z. What is the greatest common divisor of z and 368?
46
Suppose 292*x + 35235 = 133931. Calculate the highest common divisor of x and 2158.
26
Let i be (10/4)/(((-3600)/992)/(-45)). Suppose -5*q = -q + 3*h - 4718, 3*h + 4706 = 4*q. Calculate the greatest common factor of i and q.
31
Let h(n) = -n**3 - 10*n**2 - 8*n - 9. Let s be h(-9). Let x = 11 - s. Let d be (49/(-3) - 3)/((-6)/45). What is the greatest common factor of d and x?
29
Let d(g) = 2*g**2 - 2*g + 4. Let f be d(0). Let o(m) = m**2 + 12*m - 26. Let x be o(-14). Calculate the greatest common factor of f and x.
2
Let w(g) = -3*g. Let p be w(2). Let f be -32*(-2 - 9/p). Let n be 286/156 - 1300/(-24). Calculate the greatest common factor of n and f.
8
Suppose -5*r = a - 265, 5*r - 3*a - 82 = 163. Suppose -38*t = -r*t + 700. Calculate the highest common divisor of 170 and t.
10
Let i(q) = -q**2 + 43*q - 136. Let c be i(4). What is the greatest common factor of c and 18?
2
Suppose 4*w + p + 139 = 0, 4*w = 5*p - p - 144. Let g = w - -179. Calculate the highest common factor of 32 and g.
16
Let m be 8 - 4/8*10. Suppose -2*x - 33 + 3 = -5*n, 2*n + m*x = 31. Suppose -4*a = 12, -5*u = -2*a + 5*a - 71. What is the highest common divisor of n and u?
8
Let r(h) be the third derivative of -h**4/8 - 5*h**3/2 + 9*h**2. Let j be r(-7). Suppose -66 - j = -4*w. What is the highest common divisor of 36 and w?
18
Suppose -3*a + 8*w = -50, -7 + 5 = -a - w. What is the greatest common divisor of 825 and a?
3
Let o = 537 - 502. Let z be 1484/o - 5/((-50)/(-4)). Calculate the greatest common factor of z and 182.
14
Suppose 6468 = 15*w - 2*w + 9*w. Calculate the highest common factor of w and 1666.
98
Let r be 0 + 2 - (-1 + 1). Suppose 0 = 2*z, -4*m + r*z = -0*z - 176. Let q be 12 - 372/31 - -22. What is the highest common factor of q and m?
22
Let n be (-162 - -167) + (43 - 0). What is the highest common divisor of 228 and n?
12
Suppose 0 = -130*m + 116*m + 2198. Calculate the highest common divisor of 1 and m.
1
Suppose 5*j - 14*r = -16*r + 7845, 0 = j + 2*r - 1569. Suppose 3*v - 69 - j = 0. Calculate the greatest common divisor of 7 and v.
7
Let r = -206 + 14. Let x = 363 + r. Let c = x + -142. What is the greatest common factor of c and 29?
29
Let o(s) = -4*s + 57. Let x be o(13). Suppose 3*t + 5*z - 4*z + 7 = 0, z = -x*t - 11. Let h = t - -46. Calculate the highest common factor of h and 33.
11
Let n(x) be the second derivative of -21*x**3/2 + 3*x**2/2 - 6*x. Let j be n(1). Let y = -28 - j. Calculate the highest common factor of 160 and y.
32
Let z = 490 + -573. Let j = 84 + z. What is the highest common divisor of j and 1?
1
Let a(l) be the first derivative of -2*l**2 - 4*l + 18. Let p be a(-6). Suppose 0 = 6*k + 2 - p. What is the greatest common factor of 15 and k?
3
Let t be (-1 + -2)*(-56)/168. Let d(o) = 893*o**2 + o + 3. Let r be d(t). What is the highest common divisor of 39 and r?
39
Suppose -37 = -5*u + 33. Suppose -3*o - 40 = 5*i, -o - i = 2*o + 20. Let w be (280/(-6))/(-1 - o/15). What is the greatest common divisor of w and u?
14
Let q = 75 + 9. Suppose 10*l - 518 = 3*l. Let u = q - l. What is the highest common divisor of 130 and u?
10
Let o be 9 + -2 + (-7 + -1)/2. Suppose 2*d - 6*d = -20. Suppose -z + 55 = 2*z + d*n, 0 = -o*z + 4*n + 10. Calculate the greatest common factor of z and 2.
2
Let u be (-6)/14 + (-120)/14. Let x be (-2 - u) + (-4 - -3). Suppose -10*m + 33 = m. What is the greatest common divisor of m and x?
3
Suppose -19653 = -172*z + 4888 + 100331. Calculate the highest common factor of z and 1694.
242
Suppose 80*j = q + 75*j - 82, -2*q + 98 = j. What is the highest common divisor of 871 and q?
13
Let d = -389 + 634. Suppose -255*u + 2760 = -d*u. Calculate the highest common factor of 24 and u.
12
Let h = -2602 + 4730. What is the greatest common factor of 665 and h?
133
Suppose 4*a + 2767 + 19 = l, 0 = -2*l - 2*a + 5522. Calculate the highest common divisor of 6 and l.
6
Let c be ((-8)/(18 + -10))/((-1)/1376) + 3. What is the greatest common factor of 7 and c?
7
Suppose 38*q = 50*q - 6420. Let c = q + -373. Calculate the greatest common divisor of c and 12.
6
Let k(r) = -r**3 - 8*r**2 - 20*r - 45. Let i be k(-6). Suppose -2*h + 110 = u + u, -2*h + 130 = -i*u. Calculate the highest common divisor of 59 and h.
59
Suppose -709*b - t = -711*b + 51, -2*t - 2 = 0. What is the highest common factor of b and 2865?
5
Let m = -152 - -150. Let h(d) = d**3 + 7*d**2 + 6*d. Let s be h(m). Suppose j - 1 = -0. Calculate the greatest common divisor of s and j.
1
Let v(o) = o**2 + 12*o + 28. Let l be v(6). Suppose q - y - 33 + 4 = 0, 0 = -q + 3*y + 19. What is the highest common divisor of l and q?
34
Let v be ((-3)/1 + 3)/((-4)/(-1)). Let z be -6 + 266 + v + 6. Calculate the greatest common divisor of z and 19.
19
Let i(o) = 3*o + 42. Let n be i(36). Suppose 54 = 2*x + 2*h + 3*h, 5*h - n = -5*x. What is the greatest common divisor of x and 4?
4
Suppose 113 = g - 4*q, 5*g = -q + 404 + 245. What is the greatest common factor of g and 27?
3
Suppose n - 10 = 3*m + m, 3*n + 4*m - 78 = 0. Suppose -u - 391 = 2*t - 4*t, 0 = 2*u + t + 802. Let i = 410 + u. What is the greatest common factor of n and i?
11
Suppose 6 - 83 = 7*c. Let f = 13 + c. What is the highest common factor of f and 16?
2
Suppose 5*n - 293 = -228. Suppose 4*x + x - 3445 = 0. Suppose -x = n*u - 2600. Calculate the highest common factor of u and 49.
49
Let w(a) = -6*a**3 + a**3 + a**2 - 10 - 3*a - 2*a**3 - 3*a**2. Let o be w(-2). Suppose -20*t = -18*t - o. What is the greatest common divisor of 33 and t?
11
Suppose 5*g + 1015 = 3*p, 4 - 690 = -2*p + g. Suppose 0 = 22*w - p - 271. What is the highest common divisor of w and 7?
7
Let i(u) = 56*u - 33. Let b(l) = -19*l + 11. Let x(t) = 17*b(t) + 6*i(t). Let o be x(7). Calculate the highest common divisor of o and 90.
10
Suppose 15*i = -312*i + 2943. Let b be (2 - 3) + 1496/2. What is the greatest common divisor of i and b?
9
Let h(q) = 62*q - 160. Let z be h(3). What is the highest common factor of 117 and z?
13
Suppose -3 = -p + x + 22, -4*x = 3*p - 96. Let w be 270 + -2 + -6 - 10. Calculate the greatest common divisor of w and p.
28
Suppose 8*p - 11*p - t + 708 = 0, -2*p + 438 = -5*t. What is the highest common divisor of p and 494?
26
Let b be (-18)/(-4) + 33/(-22). Suppose 0 = b*d + 3*d - 1638. Let a = d - 41. What is the highest common divisor of a and 29?
29
Let s(n) = n**3 - 12*n**2 + 65*n - 73. Let w be s(7). What is the highest common factor of w and 5754?
137
Let g = -767 - -833. Calculate the highest common factor of g and 1023.
33
Let w(z) = 11*z**2 + 585*z + 60. Let r be w(-54). What is the greatest common factor of r and 210?
42
Suppose -2*o = 3*o - 150. Let f(c) = -c**2 - 84*c + 367. Let a be f(4). What is the greatest common divisor of a and o